{"id":22,"date":"2016-12-09T09:53:58","date_gmt":"2016-12-09T09:53:58","guid":{"rendered":"http:\/\/www.nurvet.de\/?page_id=22"},"modified":"2025-10-14T09:24:03","modified_gmt":"2025-10-14T09:24:03","slug":"datenschutz","status":"publish","type":"page","link":"https:\/\/www.nurvet.de\/?page_id=22","title":{"rendered":"Datenschutz"},"content":{"rendered":"<h3>Datenschutzerkl\u00e4rung<\/h3>\n<p><strong>Unsere Datenschutzhinweise<\/strong><br \/>\n<strong>Stand: 21.06.2022<\/strong><\/p>\n<p>Wir nehmen den Schutz Ihrer personenbezogenen Daten sehr ernst. Daher m\u00f6chten wir Sie unterrichten, ob und welche Ihrer Daten wir verarbeiten. \u00a0Ihre Daten werden gem\u00e4\u00df den gesetzlichen Vorschriften gesch\u00fctzt.<\/p>\n<p><strong>1. Personenbezogene Daten<\/strong><\/p>\n<p>Personenbezogene Daten sind alle Informationen, die sich auf eine identifizierte oder identifizierbare nat\u00fcrliche Person (nachfolgend <strong>betroffene Person<\/strong> genannt) beziehen; als identifizierbar wird eine nat\u00fcrliche Person angesehen, die direkt oder indirekt, insbesondere mittels Zuordnung zu einer Kennung wie einem Namen, zu einer Kennnummer, zu Standortdaten, zu einer Online-Kennung oder zu einem oder mehreren besonderen Merkmalen identifiziert werden kann, die Ausdruck der physischen, physiologischen, genetischen, psychischen, wirtschaftlichen, kulturellen oder sozialen Identit\u00e4t dieser nat\u00fcrlichen Person sind.<\/p>\n<p>Unter personenbezogene Daten z\u00e4hlen daher beispielsweise Ihr Name, Ihre Wohnadresse, Ihr Geschlecht, Ihr Geburtsdatum, Ihr Alter, Ihre Telefonnummer, Ihre E-Mailadresse oder Ihre IP-Adresse. Diese Auflistung ist nicht abschlie\u00dfend und soll Ihnen lediglich veranschaulichen, was unter den Begriff der personenbezogenen Daten fallen kann.<\/p>\n<p><strong><br \/>\n2. Name und Kontaktdaten des Verantwortlichen<br \/>\n<\/strong>Nurvet GmbH ist f\u00fcr die Verarbeitung Ihrer personenbezogenen Daten verantwortlich. Wir teilen Ihnen unsere Kontaktdaten wie folgt mit:<\/p>\n<p>Nurvet GmbH<br \/>\nLudwig-Erhard-Platz 1<br \/>\n51373 Leverkusen<\/p>\n<p>Telefon: +49 (0) 2261 \u2013 9150198<br \/>\nE-Mail: info@nurvet.de<\/p>\n<p><strong>3. Welche Daten wir von Ihnen verarbeiten<br \/>\n<\/strong>Nachfolgend teilen wir Ihnen mit, ob und welche Daten wir verarbeiten, wenn Sie eines unserer Informationsangebote nutzen:<\/p>\n<ol>\n<li>a) Besuch unserer Website<\/li>\n<\/ol>\n<p>Bei jedem Ihrer Besuche auf www.nurvet.de erheben und speichern wir nach Art.\u00a06 Abs.\u00a01 S.\u00a01 lit.\u00a0b) DS-GVO automatisch Daten, die Ihr Browser an unseren Server \u00fcbermittelt. Hierbei handelt es sich um folgende Informationen:<\/p>\n<p>\u2013\u00a0\u00a0\u00a0\u00a0\u00a0\u00a0\u00a0 Typ und Version des von Ihnen verwendeten Browsers<br \/>\n\u2013\u00a0\u00a0\u00a0\u00a0\u00a0\u00a0\u00a0 Welches Betriebssystem Sie verwenden<br \/>\n\u2013\u00a0\u00a0\u00a0\u00a0\u00a0\u00a0\u00a0 Die URL der angefragten Seite<br \/>\n\u2013\u00a0\u00a0\u00a0\u00a0\u00a0\u00a0\u00a0 Datum und Uhrzeit des Seitenaufrufs<br \/>\n\u2013\u00a0\u00a0\u00a0\u00a0\u00a0\u00a0\u00a0 Ihre IP-Adresse<\/p>\n<p>Wir haben keine eigene M\u00f6glichkeit, diese Daten zu Ihrer Person zuzuordnen und f\u00fchren diese Daten auch nicht mit anderen Datenquellen zusammen. Soweit wir durch Ihren Seitenaufruf von Ihrer IP-Adresse Kenntnis erlangen, wird diese von unserem System f\u00fcr 7 Tage gespeichert und nach Ablauf dieses Zeitraums gel\u00f6scht. Wir werden Daten, die wir bei Ihrem Besuch auf unserer Website protokolliert haben nur dann auswerten oder auswerten lassen, soweit<\/p>\n<p>\u2013\u00a0\u00a0\u00a0\u00a0\u00a0\u00a0\u00a0 wir gesetzlich oder durch eine Gerichtsentscheidung hierzu verpflichtet sind oder<br \/>\n\u2013\u00a0\u00a0\u00a0\u00a0\u00a0\u00a0\u00a0 wir die protokollierten Daten ben\u00f6tigen, um Angriffe auf unsere Infrastruktur straf- und\/oder zivilrechtlich verfolgen zu k\u00f6nnen.<\/p>\n<p>Nach unserem technischen Verst\u00e4ndnis ist die \u00dcbermittlung Ihrer IP-Adresse an unseren Server technisch unumg\u00e4nglich, damit Sie auf unsere Website zugreifen k\u00f6nnen. Sollten Sie die \u00dcbermittlung Ihrer IP-Adresse an unseren Webserver technisch verhindern, werden Sie auf unsere Website nicht zugreifen k\u00f6nnen.<\/p>\n<ol>\n<li>b) Anfragen per E-Mail, Fax und Brief<\/li>\n<\/ol>\n<p>Sollten Sie sich per E-Mail, Fax und Brief an uns wenden, kann es sein, dass wir personenbezogene Daten von Ihnen ben\u00f6tigen. Wir verarbeiten Ihre personenbezogenen Daten nach Art.\u00a06 Abs.\u00a01 S.\u00a01 lit.\u00a0b) DS-GVO, um Ihre Anfrage zu bearbeiten und insbesondere unsere Dienstleistungen Ihnen gegen\u00fcber zu erbringen.<\/p>\n<p>Wenn Sie der Verarbeitung Ihrer personenbezogenen Daten durch uns widersprechen, k\u00f6nnen wir Ihr Anliegen per E-Mail, Fax und Brief grunds\u00e4tzlich nicht bearbeiten.<\/p>\n<p>Die E-Mails speichern wir ausschlie\u00dflich in digitaler Form bis zur Beendigung der Anfragebearbeitung, in der Regel maximal 7 Tage.<\/p>\n<p>Kommt anschlie\u00dfend ein Vertragsverh\u00e4ltnis zustande, verarbeiten und insbesondere speichern wir Ihre personenbezogenen Daten mindestens f\u00fcr die Dauer der Gesch\u00e4ftsbeziehung und h\u00f6chstens f\u00fcr einen Zeitraum, der f\u00fcr eine etwaige Nachbereitung der Gesch\u00e4ftsbeziehung erforderlich ist, z.B. f\u00fcr die Dauer etwaiger Verj\u00e4hrungs- und\/oder Haftungsfristen.<\/p>\n<ol>\n<li>c) Kontaktformular zur elektronischen Anfrage<\/li>\n<\/ol>\n<p>Auf unserer Webseite ist ein Kontaktformular zur elektronischen Anfrage vorhanden, welches f\u00fcr die elektronische Kontaktaufnahme genutzt werden kann. Nimmt ein Nutzer diese M\u00f6glichkeit wahr, so werden die in der Eingabemaske eingegeben Daten an uns \u00fcbermittelt und gespeichert nach Art.\u00a06 Abs.\u00a01 S.\u00a01 lit.\u00a0f) DS-GVO. Dabei handelt es sich um folgende Daten: Name, E-Mail-Adresse, Auftrag, Telefon-Nummer und Untersuchungswahl.<\/p>\n<p>Im Zeitpunkt der Absendung der Nachricht werden zudem folgende sonstigen Daten gespeichert: Name und E-Mail-Adresse.<\/p>\n<p>Die Verarbeitung der personenbezogenen Daten aus der Eingabemaske dient uns allein zur Bearbeitung der von Ihnen gestellten Fragen und Anregungen. Die sonstigen w\u00e4hrend des Absendevorgangs verarbeiteten personenbezogenen Daten dienen dazu, einen Missbrauch des Kontaktformulars zu verhindern und die Sicherheit unserer informationstechnischen Systeme sicherzustellen.<\/p>\n<p>Die Kontaktanfragen speichern wir bis zur Beendigung der Anfrage-bearbeitung, in der Regel maximal 7 Tage.<\/p>\n<p>Wenn Sie der Verarbeitung Ihrer personenbezogenen Daten durch uns widersprechen, k\u00f6nnen wir Ihr Anliegen grunds\u00e4tzlich nicht bearbeiten.<\/p>\n<ol>\n<li>d) Verlinkung zu anderen Websites<\/li>\n<\/ol>\n<p>Wir verlinken Webseiten anderer, mit uns nicht verbundener Anbieter (Dritter). Wenn Sie diese Links anklicken, haben wir keinen Einfluss mehr darauf, welche Daten durch diese Anbieter verarbeitet werden. Genauere Informationen zu Datenverarbeitung finden Sie in der Datenschutzerkl\u00e4rung des jeweiligen Anbieters. Wir \u00fcbernehmen f\u00fcr die Datenerhebung und -verarbeitung durch Dritte keine Verantwortung.<\/p>\n<ol>\n<li>e) Weitergabe von Daten<\/li>\n<\/ol>\n<p>Eine \u00dcbermittlung Ihrer pers\u00f6nlichen Daten an Dritte zu anderen als den im Folgenden aufgef\u00fchrten Zwecken findet nicht statt. Wir geben Ihre pers\u00f6nlichen Daten nur an Dritte weiter, wenn:<\/p>\n<p>Sie Ihre nach Art. 6 Abs. 1 S. 1 lit. a DSGVO ausdr\u00fcckliche Einwilligung dazu erteilt haben,<\/p>\n<p>die Weitergabe nach Art. 6 Abs. 1 S. 1 lit. f DSGVO zur Geltendmachung, Aus\u00fcbung oder<\/p>\n<p>Verteidigung von Rechtsanspr\u00fcchen erforderlich ist und kein Grund zur Annahme besteht, dass Sie ein \u00fcberwiegendes schutzw\u00fcrdiges Interesse an der Nichtweitergabe Ihrer Daten haben,<\/p>\n<p>f\u00fcr den Fall, dass f\u00fcr die Weitergabe nach Art. 6 Abs. 1 S. 1 lit. c DSGVO eine gesetzliche Verpflichtung besteht, sowie<\/p>\n<p>dies gesetzlich zul\u00e4ssig und nach Art. 6 Abs. 1 S. 1 lit. b DSGVO f\u00fcr die Abwicklung von Vertragsverh\u00e4ltnissen mit Ihnen erforderlich ist.<\/p>\n<p>Daneben erhalten unsere Auftragsverarbeiter Ihre personenbezogenen Daten zur weisungsgebundenen Verarbeitung, soweit dies zur Erf\u00fcllung des Auftrages erforderlich ist. Unsere Auftragsverarbeiter haben kein eigenes Nutzungsrecht an Ihren Daten.<\/p>\n<p>Drittl\u00e4nder: Daten werden von uns ausschlie\u00dflich entsprechend der gesetzlichen Regelungen an Drittl\u00e4nder \u00fcbermittelt.<\/p>\n<p>Die Zul\u00e4ssigkeit der Daten\u00fcbermittlung in Drittl\u00e4nder richtet sich nach den Art. 44 ff. DSGVO. Sofern wir Ihre Daten in ein Drittland \u00fcbermitteln, werden Sie dar\u00fcber in den speziellen Datenschutzinformationen zu dem jeweiligen Verarbeitungsprozess unter Angabe der jeweiligen gesetzlichen Regelung informiert.<\/p>\n<p><strong>4. Ihre Rechte als betroffene Person<br \/>\n<\/strong>Sie haben das Recht:<\/p>\n<p>gem\u00e4\u00df Art. 15 DSGVO Auskunft \u00fcber Ihre von uns verarbeiteten personenbezogenen Daten zu verlangen. Insbesondere k\u00f6nnen Sie Auskunft \u00fcber die Verarbeitungszwecke, die Kategorie der personenbezogenen Daten, die Kategorien von Empf\u00e4ngern, gegen\u00fcber denen Ihre Daten offengelegt wurden oder werden, die geplante Speicherdauer, das Bestehen eines Rechts auf Berichtigung, L\u00f6schung, Einschr\u00e4nkung der Verarbeitung oder Widerspruch, das Bestehen eines Beschwerderechts, die Herkunft ihrer Daten, sofern diese nicht bei uns erhoben wurden, sowie \u00fcber das Bestehen einer automatisierten Entscheidungsfindung einschlie\u00dflich Profiling und ggf. aussagekr\u00e4ftigen Informationen zu deren Einzelheiten verlangen;<\/p>\n<p>gem\u00e4\u00df Art. 16 DSGVO unverz\u00fcglich die Berichtigung unrichtiger oder Vervollst\u00e4ndigung Ihrer bei uns gespeicherten personenbezogenen Daten zu verlangen;<\/p>\n<p>gem\u00e4\u00df Art. 17 DSGVO die L\u00f6schung Ihrer bei uns gespeicherten personenbezogenen Daten zu verlangen, soweit nicht die Verarbeitung zur Aus\u00fcbung des Rechts auf freie Meinungs\u00e4u\u00dferung und Information, zur Erf\u00fcllung einer rechtlichen Verpflichtung, aus Gr\u00fcnden des \u00f6ffentlichen Interesses oder zur Geltendmachung, Aus\u00fcbung oder Verteidigung von Rechtsanspr\u00fcchen erforderlich ist;<\/p>\n<p>gem\u00e4\u00df Art. 18 DSGVO die Einschr\u00e4nkung der Verarbeitung Ihrer personenbezogenen Daten zu verlangen, soweit die Richtigkeit der Daten von Ihnen bestritten wird, die Verarbeitung unrechtm\u00e4\u00dfig ist, Sie aber deren L\u00f6schung ablehnen und wir die Daten nicht mehr ben\u00f6tigen, Sie jedoch diese zur Geltendmachung, Aus\u00fcbung oder Verteidigung von Rechtsanspr\u00fcchen ben\u00f6tigen oder Sie gem\u00e4\u00df Art. 21 DSGVO Widerspruch gegen die Verarbeitung eingelegt haben;<\/p>\n<p>gem\u00e4\u00df Art. 20 DSGVO Ihre personenbezogenen Daten, die Sie uns bereitgestellt haben, in einem strukturierten, g\u00e4ngigen und maschinenlesebaren Format zu erhalten oder die \u00dcbermittlung an einen anderen Verantwortlichen zu verlangen;<\/p>\n<p>gem\u00e4\u00df Art. 7 Abs. 3 DSGVO Ihre einmal erteilte Einwilligung jederzeit gegen\u00fcber uns zu widerrufen. Dies hat zur Folge, dass wir die Datenverarbeitung, die auf dieser Einwilligung beruhte, f\u00fcr die Zukunft nicht mehr fortf\u00fchren d\u00fcrfen und<\/p>\n<p>gem\u00e4\u00df Art. 77 DSGVO sich bei einer Aufsichtsbeh\u00f6rde zu beschweren. In der Regel k\u00f6nnen Sie sich hierf\u00fcr an die Aufsichtsbeh\u00f6rde Ihres \u00fcblichen Aufenthaltsortes oder Arbeitsplatzes oder unseres Sitzes wenden.<\/p>\n<p><strong>Widerspruchsrecht<\/strong><\/p>\n<p>Sofern Ihre personenbezogenen Daten auf Grundlage von berechtigten Interessen gem\u00e4\u00df Art. 6 Abs. 1 S. 1 lit. f DSGVO verarbeitet werden, haben Sie das Recht, gem\u00e4\u00df Art. 21 DSGVO Widerspruch gegen die Verarbeitung Ihrer personenbezogenen Daten einzulegen, soweit daf\u00fcr Gr\u00fcnde vorliegen, die sich aus Ihrer besonderen Situation ergeben oder sich der Widerspruch gegen Direktwerbung richtet. Im letzteren Fall haben Sie ein generelles Widerspruchsrecht, das ohne Angabe einer besonderen Situation von uns umgesetzt wird. M\u00f6chten Sie von Ihrem Widerrufs- oder Widerspruchsrecht Gebrauch machen, gen\u00fcgt eine E-Mail an info@nurvet.de<br \/>\n<strong><br \/>\n5. Datensicherheit<br \/>\n<\/strong>Wir haben technische und organisatorische Sicherheitsvorkehrungen eingerichtet, um Ihre Daten zu sch\u00fctzen, insbesondere gegen Verlust, Manipulation oder unberechtigten Zugriff. Wir passen unsere Sicherheitsvorkehrungen regelm\u00e4\u00dfig der fortlaufenden technischen Entwicklung an.<\/p>\n<p><strong><br \/>\n6. Regelm\u00e4\u00dfige Aktualisierung dieser Datenschutzhinweise<br \/>\n<\/strong>Die rechtlichen Rahmenbedingungen f\u00fcr uns als Produkteanbieter unterliegen naturgem\u00e4\u00df \u00c4nderungen und Anpassungen. Diese \u00c4nderungen und Anpassungen machen es von Zeit zu Zeit erforderlich, diese Datenschutzhinweise zu aktualisieren. Den jeweiligen Stand erkennen Sie an der zweiten Zeile der \u00dcberschrift.<\/p>\n<p>\u00a9 2022 NurVet GmbH<\/p>\n","protected":false},"excerpt":{"rendered":"<p>Datenschutzerkl\u00e4rung Unsere Datenschutzhinweise Stand: 21.06.2022 Wir nehmen den Schutz Ihrer personenbezogenen Daten sehr ernst. Daher m\u00f6chten wir Sie unterrichten, ob und welche Ihrer Daten wir verarbeiten.<span class=\"excerpt-hellip\"> [\u2026]<\/span><\/p>\n","protected":false},"author":3,"featured_media":0,"parent":0,"menu_order":0,"comment_status":"closed","ping_status":"closed","template":"","meta":[],"_links":{"self":[{"href":"https:\/\/www.nurvet.de\/index.php?rest_route=\/wp\/v2\/pages\/22"}],"collection":[{"href":"https:\/\/www.nurvet.de\/index.php?rest_route=\/wp\/v2\/pages"}],"about":[{"href":"https:\/\/www.nurvet.de\/index.php?rest_route=\/wp\/v2\/types\/page"}],"author":[{"embeddable":true,"href":"https:\/\/www.nurvet.de\/index.php?rest_route=\/wp\/v2\/users\/3"}],"replies":[{"embeddable":true,"href":"https:\/\/www.nurvet.de\/index.php?rest_route=%2Fwp%2Fv2%2Fcomments&post=22"}],"version-history":[{"count":9,"href":"https:\/\/www.nurvet.de\/index.php?rest_route=\/wp\/v2\/pages\/22\/revisions"}],"predecessor-version":[{"id":142,"href":"https:\/\/www.nurvet.de\/index.php?rest_route=\/wp\/v2\/pages\/22\/revisions\/142"}],"wp:attachment":[{"href":"https:\/\/www.nurvet.de\/index.php?rest_route=%2Fwp%2Fv2%2Fmedia&parent=22"}],"curies":[{"name":"wp","href":"https:\/\/api.w.org\/{rel}","templated":true}]}}